= b - 92. Calculate the greatest common factor of 6 and m.
6
Let h = -36 - -55. Suppose -c = -l - h, -4*l + 2*l + 34 = c. What is the greatest common factor of 6 and c?
6
Let k(i) = 16*i**3 + 2*i**2 + i - 3. Let j be k(1). Calculate the highest common divisor of j and 20.
4
Let t(y) = -392*y - 23. Let i be t(-1). What is the greatest common divisor of 9 and i?
9
Let u(a) = 5*a - 100. Let t be u(40). What is the greatest common factor of t and 20?
20
Suppose -5*k = -2*k + 5*n + 26, 18 = -2*k - 3*n. Let j(y) = -11*y + 48. Let x be j(k). What is the highest common factor of x and 30?
30
Let r(y) = -5*y**2 - y. Let i be r(1). Let n(g) = -2*g**2 - 15*g - 4. Let c be n(i). What is the highest common factor of 70 and c?
14
Let z be (-9 + 24/16)/(2/(-552)). What is the greatest common factor of 23 and z?
23
Suppose 5*l - 50 = -5*c, -5*c = 6*l - 9*l + 14. What is the highest common factor of 28 and l?
4
Suppose -4*i + 9 = 1. Suppose 12*d = -85 + 181. What is the greatest common divisor of d and i?
2
Let g be (18/(-21))/(0 - (-2)/(-14)). Suppose 2*n = -g + 196. Calculate the greatest common factor of n and 19.
19
Let g(k) = 2*k - 1. Suppose 5*a + 12 = 4*a. Let m(n) = n. Let u(l) = a*m(l) + 3*g(l). Let v be u(-5). What is the highest common factor of v and 9?
9
Let n(b) = -b**2 - 45*b - 60. Let m be n(-43). Calculate the greatest common factor of m and 2353.
13
Let h(j) = j**3 + 5*j**2 - 7*j - 9. Let y be h(-6). Let m be (y - 0)/(-1) + -3. Suppose m = -4*v + v + 36. What is the greatest common divisor of 132 and v?
12
Let u be ((-18)/12)/((-6)/(-8)). Let m be -3 + 1 + 5 - u. Suppose -m*z + 58 = b, 0 = -4*z + 5*b - b + 32. Calculate the greatest common divisor of z and 88.
11
Let r be 36/((-34)/20 + 2). Suppose 0 = -31*z + 49*z - 270. Calculate the highest common factor of z and r.
15
Let w(j) = j**3 - 4*j**2 + 3*j. Let y be w(4). Let q be ((-6)/(-4) - 1)*y. Let a be (-2)/q - 128/(-6). What is the greatest common factor of a and 3?
3
Suppose -56 = -f - 3*t, -122 = -3*f - 5*t + 42. Let k = f - -3. Calculate the greatest common divisor of k and 28.
28
Let o(m) = -364*m - 29. Let j be o(-2). Suppose 3*v + 3*x = 705, 0 = -3*v + 2*x - 3*x + j. Calculate the highest common divisor of 29 and v.
29
Suppose 4*d = 3*z - 20, 0 = -3*z - 2*d - 2 - 8. Let f = 1 - z. Let w(p) = p**2 - 6*p + 8. Let t be w(6). What is the greatest common factor of t and f?
1
Let g be 36/(-90) + 177/5. Let v = g - 25. What is the highest common divisor of 10 and v?
10
Let r = -470 + 690. Calculate the greatest common divisor of r and 20.
20
Suppose 2*a = -4*a + 876. Suppose 5*f - 614 = -4*h - 64, 0 = -h + 3*f + a. What is the greatest common divisor of 56 and h?
28
Let x be 2/((4/(-18))/(12299/(-147))). What is the highest common factor of 3 and x?
3
Let m = -9 - -11. Suppose -4*b + b - 5*x + 62 = 0, -b - m*x = -20. What is the greatest common factor of 36 and b?
12
Let p = 294 - 123. Let r = -94 + p. Calculate the highest common factor of 11 and r.
11
Let r = -182 - -226. Calculate the highest common factor of 352 and r.
44
Let c = -2270 - -2567. Calculate the greatest common factor of 6 and c.
3
Suppose 0 = -0*r - 4*r + 8. Suppose -r*s + 80 = 2*s. What is the greatest common factor of 50 and s?
10
Let b be (-2 + 21/9)*-381. Let j = b + 129. Calculate the highest common divisor of j and 7.
1
Suppose -2*k - 2 = -4. Suppose 5*g = -2*d + 2*g + 237, -g = k. Suppose -4*t = t - 75. Calculate the greatest common factor of d and t.
15
Suppose -5 = c, -a - 11*c + 50 = -9*c. Calculate the greatest common divisor of a and 36.
12
Suppose -9*z - 12 = -15*z. Suppose -3*i - 2*i + 10 = 0. What is the greatest common factor of z and i?
2
Suppose r + 19*n - 92 = 15*n, -4*n = -2*r + 124. Calculate the highest common factor of r and 414.
18
Let k(c) = 2*c + 59 + 2*c**2 - c**2 - c**3 + 0*c + 108. Let q be k(0). Let d = q + -117. Calculate the highest common factor of d and 20.
10
Let r = -65 - -98. Suppose -5*q + r = 2*j, -3*j + 41 = -0*q - q. Let s be (0 + (-2)/3)*1*-42. Calculate the greatest common divisor of s and j.
14
Let z be (0 - 0) + (19 - -8). Let k be (18/z)/(2/6). Suppose 162 = k*w + w. Calculate the highest common factor of w and 9.
9
Suppose -14*u - 206 = -290. What is the highest common factor of u and 15?
3
Let s be (-2 - -1) + 3 + 0. Let g = -17 + 19. Suppose 30 = -g*n + 7*n. Calculate the greatest common factor of s and n.
2
Let r(b) = 32*b - 14. Let x be r(1). Calculate the greatest common factor of x and 234.
18
Let y = -19 - -253. What is the greatest common factor of y and 144?
18
Let d = -71 - -251. Calculate the greatest common factor of 36 and d.
36
Suppose 2*f = p + 129, p - 5 = 6*p. Suppose f = 2*g - 20. What is the highest common divisor of 7 and g?
7
Suppose 2258 - 2622 = -2*n. What is the highest common factor of n and 234?
26
Let y = 18 - 8. Let i be (-10)/(-25) + 1166/y. Suppose 0*x = -5*n - x + i, 3*n - 5*x = 87. Calculate the highest common divisor of 120 and n.
24
Let s(o) = -o**3 + 10*o**2 + 12*o - 2. Let k be s(11). Suppose -8*r + k*r = 121. Calculate the highest common divisor of r and 22.
11
Let k = -124 - -129. Suppose -5*r = k - 190. Calculate the greatest common factor of 74 and r.
37
Let d = -54 - -35. Let n = d - -33. Suppose 1234 = 41*j - 1636. What is the greatest common divisor of n and j?
14
Let n = -37 - 14. Let v = n - -90. Let j = 25 + 1. Calculate the greatest common factor of v and j.
13
Let f(s) = s + 9. Let a be ((-15)/10)/((-9)/(-48)). Let v be f(a). Let u = v + 5. What is the highest common divisor of u and 42?
6
Let r(f) = f**3 + 8*f**2 - 9*f + 9. Let u = 3 - 12. Let w be r(u). Let i be (w + 7)/(1 - 0). Calculate the greatest common factor of i and 112.
16
Suppose 65 = 3*d + 4*x, 4*d - 82 = 4*x - 7*x. Calculate the highest common divisor of d and 798.
19
Let g = -609 + 620. What is the highest common factor of g and 187?
11
Suppose 11 + 21 = 8*h. Calculate the highest common divisor of h and 12.
4
Let q(f) = 2*f**2 - 22*f + 12. Let b be q(11). Let j be 162/b*(-2 + (-32)/(-12)). Calculate the greatest common factor of j and 153.
9
Let x be (58/6)/((-1)/(-3)). Let z be 1/2 + ((-12)/(-8))/(-1). Let h = 30 + z. What is the highest common divisor of h and x?
29
Let b = 32 - -562. What is the highest common factor of b and 54?
54
Suppose 5*u - 17 = x, 4*u - 28 = 2*x - 0*u. Let o = x + 50. What is the highest common factor of 228 and o?
38
Suppose 0 = 5*u - c + 2*c - 305, -4*c - 280 = -5*u. Let i(d) = 10*d - 6*d - 4*d - 8 - 4*d. Let a be i(-7). What is the greatest common divisor of u and a?
20
Let j(t) be the third derivative of -t**6/120 - t**5/30 - t**3/2 + 15*t**2. Let v be j(-3). Calculate the greatest common factor of 42 and v.
6
Let s(q) = -q**3 + 7*q**2 - 2*q - 26. Let a be s(5). Suppose -20 = -4*n, -2*z + 4*z - 5*n - 45 = 0. What is the greatest common factor of z and a?
7
Let m = 3 - -1. Suppose 4*p - 6*p = -3*h + 84, -12 = m*p. Suppose 58*q - 55*q - 234 = 0. Calculate the greatest common factor of q and h.
26
Let u = 73 + -73. Suppose -3*s - 11 + 56 = u. Suppose -2*r + 169 = o + 2*r, 0 = 3*r - 3. What is the greatest common factor of o and s?
15
Let b(j) = 277*j**2 + 7*j + 10. Let h be b(-2). What is the greatest common divisor of h and 12?
12
Suppose 3*w - 6*w = 5*x - 720, 3*x = -w + 244. What is the highest common factor of w and 329?
47
Suppose 251 + 13189 = 96*u. Let f be (-1)/(-1) + (27 - 0). Calculate the highest common factor of u and f.
28
Suppose 9700 = 15*z + 2125. What is the greatest common divisor of z and 303?
101
Suppose 4*q - 8*q = -312. Suppose 3*l = l. Suppose l = -3*j + 5*y + 156, -2*j + y - 104 = -4*j. What is the greatest common factor of q and j?
26
Let h(p) = -30*p - 34. Let j be (-7)/(-4)*(-1 + 3/(-1)). Let k be h(j). What is the greatest common divisor of k and 16?
16
Let c be ((-86)/129)/((-2)/168). What is the highest common divisor of 32 and c?
8
Suppose -2*p - 6*u = -2*u - 242, 5*p - 2*u - 557 = 0. Suppose 2*x + 30 - p = -3*i, -37 = -2*i - 5*x. Calculate the highest common factor of i and 217.
31
Let b(k) = -k**2 + 10*k - 2. Let a be b(6). Suppose 5*r - 235 - 95 = 0. Calculate the greatest common factor of r and a.
22
Suppose -31 = -2*t - p, 4*p = 5*t - 23 - 48. Let a = 33 - t. Suppose u = -0*u + 144. Calculate the